[INFO] cloning repository https://github.com/kainino0x/rspt
[INFO] running `Command { std: "git" "-c" "credential.helper=" "-c" "credential.helper=/workspace/cargo-home/bin/git-credential-null" "clone" "--bare" "https://github.com/kainino0x/rspt" "/workspace/cache/git-repos/https%3A%2F%2Fgithub.com%2Fkainino0x%2Frspt", kill_on_drop: false }`
[INFO] [stderr] Cloning into bare repository '/workspace/cache/git-repos/https%3A%2F%2Fgithub.com%2Fkainino0x%2Frspt'...
[INFO] running `Command { std: "git" "rev-parse" "HEAD", kill_on_drop: false }`
[INFO] [stdout] 647679f89f6a9294d1a2f02fccc16d327d1770d3
[INFO] checking kainino0x/rspt against master#af3c6e733a40e671550e0f0f5aeecaa13772ba56 for pr-74989
[INFO] running `Command { std: "git" "clone" "/workspace/cache/git-repos/https%3A%2F%2Fgithub.com%2Fkainino0x%2Frspt" "/workspace/builds/worker-1/source", kill_on_drop: false }`
[INFO] [stderr] Cloning into '/workspace/builds/worker-1/source'...
[INFO] [stderr] done.
[INFO] validating manifest of git repo https://github.com/kainino0x/rspt on toolchain af3c6e733a40e671550e0f0f5aeecaa13772ba56
[INFO] running `Command { std: "/workspace/cargo-home/bin/cargo" "+af3c6e733a40e671550e0f0f5aeecaa13772ba56" "read-manifest" "--manifest-path" "Cargo.toml", kill_on_drop: false }`
[INFO] started tweaking git repo https://github.com/kainino0x/rspt
[INFO] finished tweaking git repo https://github.com/kainino0x/rspt
[INFO] tweaked toml for git repo https://github.com/kainino0x/rspt written to /workspace/builds/worker-1/source/Cargo.toml
[INFO] crate git repo https://github.com/kainino0x/rspt already has a lockfile, it will not be regenerated
[INFO] running `Command { std: "/workspace/cargo-home/bin/cargo" "+af3c6e733a40e671550e0f0f5aeecaa13772ba56" "fetch" "--locked" "--manifest-path" "Cargo.toml", kill_on_drop: false }`
[INFO] [stderr] error: the lock file /workspace/builds/worker-1/source/Cargo.lock needs to be updated but --locked was passed to prevent this
[INFO] [stderr] If you want to try to generate the lock file without accessing the network, use the --offline flag.
[INFO] the lockfile is outdated, regenerating it
[INFO] running `Command { std: "/workspace/cargo-home/bin/cargo" "+af3c6e733a40e671550e0f0f5aeecaa13772ba56" "generate-lockfile" "--manifest-path" "Cargo.toml" "-Zno-index-update", kill_on_drop: false }`
[INFO] running `Command { std: "/workspace/cargo-home/bin/cargo" "+af3c6e733a40e671550e0f0f5aeecaa13772ba56" "fetch" "--locked" "--manifest-path" "Cargo.toml", kill_on_drop: false }`
[INFO] [stderr]     Blocking waiting for file lock on package cache
[INFO] running `Command { std: "docker" "create" "-v" "/var/lib/crater-agent-workspace/builds/worker-1/target:/opt/rustwide/target:rw,Z" "-v" "/var/lib/crater-agent-workspace/builds/worker-1/source:/opt/rustwide/workdir:ro,Z" "-v" "/var/lib/crater-agent-workspace/cargo-home:/opt/rustwide/cargo-home:ro,Z" "-v" "/var/lib/crater-agent-workspace/rustup-home:/opt/rustwide/rustup-home:ro,Z" "-e" "SOURCE_DIR=/opt/rustwide/workdir" "-e" "CARGO_TARGET_DIR=/opt/rustwide/target" "-e" "CARGO_HOME=/opt/rustwide/cargo-home" "-e" "RUSTUP_HOME=/opt/rustwide/rustup-home" "-w" "/opt/rustwide/workdir" "-m" "1610612736" "--user" "0:0" "--network" "none" "rustops/crates-build-env@sha256:d92eaeed33fa75130ca1ee6c8a01d1ffb62bac859dfdfb3450e3e5d1c0146529" "/opt/rustwide/cargo-home/bin/cargo" "+af3c6e733a40e671550e0f0f5aeecaa13772ba56" "metadata" "--no-deps" "--format-version=1", kill_on_drop: false }`
[INFO] [stdout] 9579cc6bd8a4e1428c52163877c53a23d2897256e3c7f3948b606ab7c5168fbe
[INFO] [stderr] WARNING: Your kernel does not support swap limit capabilities or the cgroup is not mounted. Memory limited without swap.
[INFO] running `Command { std: "docker" "start" "-a" "9579cc6bd8a4e1428c52163877c53a23d2897256e3c7f3948b606ab7c5168fbe", kill_on_drop: false }`
[INFO] running `Command { std: "docker" "inspect" "9579cc6bd8a4e1428c52163877c53a23d2897256e3c7f3948b606ab7c5168fbe", kill_on_drop: false }`
[INFO] running `Command { std: "docker" "rm" "-f" "9579cc6bd8a4e1428c52163877c53a23d2897256e3c7f3948b606ab7c5168fbe", kill_on_drop: false }`
[INFO] [stdout] 9579cc6bd8a4e1428c52163877c53a23d2897256e3c7f3948b606ab7c5168fbe
[INFO] running `Command { std: "docker" "create" "-v" "/var/lib/crater-agent-workspace/builds/worker-1/target:/opt/rustwide/target:rw,Z" "-v" "/var/lib/crater-agent-workspace/builds/worker-1/source:/opt/rustwide/workdir:ro,Z" "-v" "/var/lib/crater-agent-workspace/cargo-home:/opt/rustwide/cargo-home:ro,Z" "-v" "/var/lib/crater-agent-workspace/rustup-home:/opt/rustwide/rustup-home:ro,Z" "-e" "SOURCE_DIR=/opt/rustwide/workdir" "-e" "CARGO_TARGET_DIR=/opt/rustwide/target" "-e" "CARGO_INCREMENTAL=0" "-e" "RUST_BACKTRACE=full" "-e" "RUSTFLAGS=--cap-lints=forbid" "-e" "CARGO_HOME=/opt/rustwide/cargo-home" "-e" "RUSTUP_HOME=/opt/rustwide/rustup-home" "-w" "/opt/rustwide/workdir" "-m" "1610612736" "--user" "0:0" "--network" "none" "rustops/crates-build-env@sha256:d92eaeed33fa75130ca1ee6c8a01d1ffb62bac859dfdfb3450e3e5d1c0146529" "/opt/rustwide/cargo-home/bin/cargo" "+af3c6e733a40e671550e0f0f5aeecaa13772ba56" "check" "--frozen" "--all" "--all-targets" "--message-format=json", kill_on_drop: false }`
[INFO] [stdout] 114d158c2deea5d28f5337964192fc75849ddffc2d85ccce51e3638f55a5f237
[INFO] [stderr] WARNING: Your kernel does not support swap limit capabilities or the cgroup is not mounted. Memory limited without swap.
[INFO] running `Command { std: "docker" "start" "-a" "114d158c2deea5d28f5337964192fc75849ddffc2d85ccce51e3638f55a5f237", kill_on_drop: false }`
[INFO] [stderr]     Checking cfg-if v0.1.10
[INFO] [stderr]     Checking rustc-serialize v0.3.24
[INFO] [stderr]    Compiling bitflags v1.2.1
[INFO] [stderr]     Checking adler v0.2.3
[INFO] [stderr]     Checking lzw v0.8.0
[INFO] [stderr]     Checking byteorder v0.3.13
[INFO] [stderr]    Compiling miniz_oxide v0.4.2
[INFO] [stderr]     Checking rand v0.4.6
[INFO] [stderr]     Checking getrandom v0.1.15
[INFO] [stderr]     Checking crc32fast v1.2.0
[INFO] [stderr]     Checking gif v0.5.1
[INFO] [stderr]     Checking rand_core v0.5.1
[INFO] [stderr]     Checking rand_chacha v0.2.2
[INFO] [stderr]     Checking rand v0.3.23
[INFO] [stderr]     Checking rand v0.7.3
[INFO] [stderr]     Checking flate2 v1.0.17
[INFO] [stderr]     Checking png v0.3.1
[INFO] [stdout] error: no rules expected the token `flags`
[INFO] [stdout]    --> /opt/rustwide/cargo-home/registry/src/github.com-1ecc6299db9ec823/png-0.3.1/src/common.rs:179:5
[INFO] [stdout]     |
[INFO] [stdout] 179 |     flags Transformations: u32 {
[INFO] [stdout]     |     ^^^^^ no rules expected this token in macro call
[INFO] [stdout] 
[INFO] [stdout] 
[INFO] [stdout] error[E0432]: unresolved import `common::Transformations`
[INFO] [stdout]   --> /opt/rustwide/cargo-home/registry/src/github.com-1ecc6299db9ec823/png-0.3.1/src/decoder/mod.rs:11:41
[INFO] [stdout]    |
[INFO] [stdout] 11 | use common::{ColorType, BitDepth, Info, Transformations};
[INFO] [stdout]    |                                         ^^^^^^^^^^^^^^^ no `Transformations` in `common`
[INFO] [stdout] 
[INFO] [stdout] 
[INFO] [stdout] error[E0425]: cannot find value `TRANSFORM_EXPAND` in the crate root
[INFO] [stdout]   --> /opt/rustwide/cargo-home/registry/src/github.com-1ecc6299db9ec823/png-0.3.1/src/decoder/mod.rs:68:26
[INFO] [stdout]    |
[INFO] [stdout] 68 |             transform: ::TRANSFORM_EXPAND | ::TRANSFORM_SCALE_16 | ::TRANSFORM_STRIP_16,
[INFO] [stdout]    |                          ^^^^^^^^^^^^^^^^ not found in the crate root
[INFO] [stdout] 
[INFO] [stdout] 
[INFO] [stdout] error[E0425]: cannot find value `TRANSFORM_SCALE_16` in the crate root
[INFO] [stdout]   --> /opt/rustwide/cargo-home/registry/src/github.com-1ecc6299db9ec823/png-0.3.1/src/decoder/mod.rs:68:47
[INFO] [stdout]    |
[INFO] [stdout] 68 |             transform: ::TRANSFORM_EXPAND | ::TRANSFORM_SCALE_16 | ::TRANSFORM_STRIP_16,
[INFO] [stdout]    |                                               ^^^^^^^^^^^^^^^^^^ not found in the crate root
[INFO] [stdout] 
[INFO] [stdout] 
[INFO] [stdout] error[E0425]: cannot find value `TRANSFORM_STRIP_16` in the crate root
[INFO] [stdout]   --> /opt/rustwide/cargo-home/registry/src/github.com-1ecc6299db9ec823/png-0.3.1/src/decoder/mod.rs:68:70
[INFO] [stdout]    |
[INFO] [stdout] 68 |             transform: ::TRANSFORM_EXPAND | ::TRANSFORM_SCALE_16 | ::TRANSFORM_STRIP_16,
[INFO] [stdout]    |                                                                      ^^^^^^^^^^^^^^^^^^ not found in the crate root
[INFO] [stdout] 
[INFO] [stdout] 
[INFO] [stdout] error[E0425]: cannot find value `TRANSFORM_IDENTITY` in the crate root
[INFO] [stdout]    --> /opt/rustwide/cargo-home/registry/src/github.com-1ecc6299db9ec823/png-0.3.1/src/decoder/mod.rs:250:27
[INFO] [stdout]     |
[INFO] [stdout] 250 |         if transform == ::TRANSFORM_IDENTITY {
[INFO] [stdout]     |                           ^^^^^^^^^^^^^^^^^^ not found in the crate root
[INFO] [stdout] 
[INFO] [stdout] 
[INFO] [stdout] error[E0425]: cannot find value `TRANSFORM_EXPAND` in the crate root
[INFO] [stdout]    --> /opt/rustwide/cargo-home/registry/src/github.com-1ecc6299db9ec823/png-0.3.1/src/decoder/mod.rs:271:41
[INFO] [stdout]     |
[INFO] [stdout] 271 |                 if transform.contains(::TRANSFORM_EXPAND) {
[INFO] [stdout]     |                                         ^^^^^^^^^^^^^^^^ not found in the crate root
[INFO] [stdout] 
[INFO] [stdout] 
[INFO] [stdout] error[E0425]: cannot find value `TRANSFORM_SCALE_16` in the crate root
[INFO] [stdout]    --> /opt/rustwide/cargo-home/registry/src/github.com-1ecc6299db9ec823/png-0.3.1/src/decoder/mod.rs:291:62
[INFO] [stdout]     |
[INFO] [stdout] 291 |                 if bit_depth == 16 && transform.intersects(::TRANSFORM_SCALE_16 | ::TRANSFORM_STRIP_16) {
[INFO] [stdout]     |                                                              ^^^^^^^^^^^^^^^^^^ not found in the crate root
[INFO] [stdout] 
[INFO] [stdout] 
[INFO] [stdout] error[E0425]: cannot find value `TRANSFORM_STRIP_16` in the crate root
[INFO] [stdout]    --> /opt/rustwide/cargo-home/registry/src/github.com-1ecc6299db9ec823/png-0.3.1/src/decoder/mod.rs:291:85
[INFO] [stdout]     |
[INFO] [stdout] 291 |                 if bit_depth == 16 && transform.intersects(::TRANSFORM_SCALE_16 | ::TRANSFORM_STRIP_16) {
[INFO] [stdout]     |                                                                                     ^^^^^^^^^^^^^^^^^^ not found in the crate root
[INFO] [stdout] 
[INFO] [stdout] 
[INFO] [stdout] error[E0425]: cannot find value `TRANSFORM_IDENTITY` in the crate root
[INFO] [stdout]    --> /opt/rustwide/cargo-home/registry/src/github.com-1ecc6299db9ec823/png-0.3.1/src/decoder/mod.rs:313:19
[INFO] [stdout]     |
[INFO] [stdout] 313 |         if t == ::TRANSFORM_IDENTITY {
[INFO] [stdout]     |                   ^^^^^^^^^^^^^^^^^^ not found in the crate root
[INFO] [stdout] 
[INFO] [stdout] 
[INFO] [stdout] error[E0425]: cannot find value `TRANSFORM_SCALE_16` in the crate root
[INFO] [stdout]    --> /opt/rustwide/cargo-home/registry/src/github.com-1ecc6299db9ec823/png-0.3.1/src/decoder/mod.rs:318:23
[INFO] [stdout]     |
[INFO] [stdout] 318 |                     ::TRANSFORM_SCALE_16 | ::TRANSFORM_STRIP_16
[INFO] [stdout]     |                       ^^^^^^^^^^^^^^^^^^ not found in the crate root
[INFO] [stdout] 
[INFO] [stdout] 
[INFO] [stdout] error[E0425]: cannot find value `TRANSFORM_STRIP_16` in the crate root
[INFO] [stdout]    --> /opt/rustwide/cargo-home/registry/src/github.com-1ecc6299db9ec823/png-0.3.1/src/decoder/mod.rs:318:46
[INFO] [stdout]     |
[INFO] [stdout] 318 |                     ::TRANSFORM_SCALE_16 | ::TRANSFORM_STRIP_16
[INFO] [stdout]     |                                              ^^^^^^^^^^^^^^^^^^ not found in the crate root
[INFO] [stdout] 
[INFO] [stdout] 
[INFO] [stdout] error[E0425]: cannot find value `TRANSFORM_EXPAND` in the crate root
[INFO] [stdout]    --> /opt/rustwide/cargo-home/registry/src/github.com-1ecc6299db9ec823/png-0.3.1/src/decoder/mod.rs:320:35
[INFO] [stdout]     |
[INFO] [stdout] 320 |                 _ if t.contains(::TRANSFORM_EXPAND) => 8,
[INFO] [stdout]     |                                   ^^^^^^^^^^^^^^^^ not found in the crate root
[INFO] [stdout] 
[INFO] [stdout] 
[INFO] [stdout] error[E0425]: cannot find value `TRANSFORM_EXPAND` in the crate root
[INFO] [stdout]    --> /opt/rustwide/cargo-home/registry/src/github.com-1ecc6299db9ec823/png-0.3.1/src/decoder/mod.rs:323:46
[INFO] [stdout]     |
[INFO] [stdout] 323 |             let color_type = if t.contains(::TRANSFORM_EXPAND) {
[INFO] [stdout]     |                                              ^^^^^^^^^^^^^^^^ not found in the crate root
[INFO] [stdout] 
[INFO] [stdout] 
[INFO] [stdout] error[E0425]: cannot find value `TRANSFORM_SCALE_16` in the crate root
[INFO] [stdout]    --> /opt/rustwide/cargo-home/registry/src/github.com-1ecc6299db9ec823/png-0.3.1/src/decoder/mod.rs:351:15
[INFO] [stdout]     |
[INFO] [stdout] 351 |             ::TRANSFORM_SCALE_16 | ::TRANSFORM_STRIP_16
[INFO] [stdout]     |               ^^^^^^^^^^^^^^^^^^ not found in the crate root
[INFO] [stdout] 
[INFO] [stdout] 
[INFO] [stdout] error[E0425]: cannot find value `TRANSFORM_STRIP_16` in the crate root
[INFO] [stdout]    --> /opt/rustwide/cargo-home/registry/src/github.com-1ecc6299db9ec823/png-0.3.1/src/decoder/mod.rs:351:38
[INFO] [stdout]     |
[INFO] [stdout] 351 |             ::TRANSFORM_SCALE_16 | ::TRANSFORM_STRIP_16
[INFO] [stdout]     |                                      ^^^^^^^^^^^^^^^^^^ not found in the crate root
[INFO] [stdout] 
[INFO] [stdout] 
[INFO] [stdout] error[E0425]: cannot find value `TRANSFORM_EXPAND` in the crate root
[INFO] [stdout]    --> /opt/rustwide/cargo-home/registry/src/github.com-1ecc6299db9ec823/png-0.3.1/src/decoder/mod.rs:367:45
[INFO] [stdout]     |
[INFO] [stdout] 367 |             Indexed if trns && t.contains(::TRANSFORM_EXPAND) => 4 * 8,
[INFO] [stdout]     |                                             ^^^^^^^^^^^^^^^^ not found in the crate root
[INFO] [stdout] 
[INFO] [stdout] 
[INFO] [stdout] error[E0425]: cannot find value `TRANSFORM_EXPAND` in the crate root
[INFO] [stdout]    --> /opt/rustwide/cargo-home/registry/src/github.com-1ecc6299db9ec823/png-0.3.1/src/decoder/mod.rs:368:37
[INFO] [stdout]     |
[INFO] [stdout] 368 |             Indexed if t.contains(::TRANSFORM_EXPAND) => 3 * 8,
[INFO] [stdout]     |                                     ^^^^^^^^^^^^^^^^ not found in the crate root
[INFO] [stdout] 
[INFO] [stdout] 
[INFO] [stdout] error[E0425]: cannot find value `TRANSFORM_EXPAND` in the crate root
[INFO] [stdout]    --> /opt/rustwide/cargo-home/registry/src/github.com-1ecc6299db9ec823/png-0.3.1/src/decoder/mod.rs:369:41
[INFO] [stdout]     |
[INFO] [stdout] 369 |             RGB if trns && t.contains(::TRANSFORM_EXPAND) => 4 * 8,
[INFO] [stdout]     |                                         ^^^^^^^^^^^^^^^^ not found in the crate root
[INFO] [stdout] 
[INFO] [stdout] 
[INFO] [stdout] error[E0425]: cannot find value `TRANSFORM_EXPAND` in the crate root
[INFO] [stdout]    --> /opt/rustwide/cargo-home/registry/src/github.com-1ecc6299db9ec823/png-0.3.1/src/decoder/mod.rs:370:47
[INFO] [stdout]     |
[INFO] [stdout] 370 |             Grayscale if trns && t.contains(::TRANSFORM_EXPAND) => 2 * 8,
[INFO] [stdout]     |                                               ^^^^^^^^^^^^^^^^ not found in the crate root
[INFO] [stdout] 
[INFO] [stdout] 
[INFO] [stdout] error[E0425]: cannot find value `TRANSFORM_EXPAND` in the crate root
[INFO] [stdout]    --> /opt/rustwide/cargo-home/registry/src/github.com-1ecc6299db9ec823/png-0.3.1/src/decoder/mod.rs:371:39
[INFO] [stdout]     |
[INFO] [stdout] 371 |             Grayscale if t.contains(::TRANSFORM_EXPAND) => 1 * 8,
[INFO] [stdout]     |                                       ^^^^^^^^^^^^^^^^ not found in the crate root
[INFO] [stdout] 
[INFO] [stdout] 
[INFO] [stdout] error[E0425]: cannot find value `TRANSFORM_EXPAND` in the crate root
[INFO] [stdout]    --> /opt/rustwide/cargo-home/registry/src/github.com-1ecc6299db9ec823/png-0.3.1/src/decoder/mod.rs:372:44
[INFO] [stdout]     |
[INFO] [stdout] 372 |             GrayscaleAlpha if t.contains(::TRANSFORM_EXPAND) => 2 * 8,
[INFO] [stdout]     |                                            ^^^^^^^^^^^^^^^^ not found in the crate root
[INFO] [stdout] 
[INFO] [stdout] 
[INFO] [stderr]     Checking num-bigint v0.1.44
[INFO] [stderr]     Checking num-complex v0.1.43
[INFO] [stderr]     Checking cgmath v0.2.0
[INFO] [stdout] error[E0432]: unresolved import `rand::Rand`
[INFO] [stdout]   --> /opt/rustwide/cargo-home/registry/src/github.com-1ecc6299db9ec823/cgmath-0.2.0/src/matrix.rs:22:12
[INFO] [stdout]    |
[INFO] [stdout] 22 | use rand::{Rand, Rng};
[INFO] [stdout]    |            ^^^^ no `Rand` in the root
[INFO] [stdout] 
[INFO] [stdout] 
[INFO] [stdout] error[E0432]: unresolved import `rand::Rand`
[INFO] [stdout]   --> /opt/rustwide/cargo-home/registry/src/github.com-1ecc6299db9ec823/cgmath-0.2.0/src/quaternion.rs:21:12
[INFO] [stdout]    |
[INFO] [stdout] 21 | use rand::{Rand, Rng};
[INFO] [stdout]    |            ^^^^ no `Rand` in the root
[INFO] [stdout] 
[INFO] [stdout] 
[INFO] [stdout] error[E0432]: unresolved import `rand::Rand`
[INFO] [stdout]    --> /opt/rustwide/cargo-home/registry/src/github.com-1ecc6299db9ec823/cgmath-0.2.0/src/vector.rs:103:12
[INFO] [stdout]     |
[INFO] [stdout] 103 | use rand::{Rand, Rng};
[INFO] [stdout]     |            ^^^^ no `Rand` in the root
[INFO] [stdout] 
[INFO] [stdout] 
[INFO] [stdout] error[E0432]: unresolved import `rand::Rand`
[INFO] [stdout]   --> /opt/rustwide/cargo-home/registry/src/github.com-1ecc6299db9ec823/cgmath-0.2.0/src/angle.rs:22:12
[INFO] [stdout]    |
[INFO] [stdout] 22 | use rand::{Rand, Rng};
[INFO] [stdout]    |            ^^^^ no `Rand` in the root
[INFO] [stdout] 
[INFO] [stdout] 
[INFO] [stdout] error[E0432]: unresolved import `rand::distributions::range`
[INFO] [stdout]   --> /opt/rustwide/cargo-home/registry/src/github.com-1ecc6299db9ec823/cgmath-0.2.0/src/angle.rs:23:26
[INFO] [stdout]    |
[INFO] [stdout] 23 | use rand::distributions::range::SampleRange;
[INFO] [stdout]    |                          ^^^^^ could not find `range` in `distributions`
[INFO] [stdout] 
[INFO] [stdout] 
[INFO] [stdout] error[E0404]: expected trait, found enum `Bound`
[INFO] [stdout]    --> /opt/rustwide/cargo-home/registry/src/github.com-1ecc6299db9ec823/cgmath-0.2.0/src/point.rs:454:30
[INFO] [stdout]     |
[INFO] [stdout] 454 | impl<S: BaseFloat + 'static> Bound<S> for Point3<S> {
[INFO] [stdout]     |                              ^^^^^^^^ not a trait
[INFO] [stdout]     |
[INFO] [stdout] help: consider importing this trait instead
[INFO] [stdout]     |
[INFO] [stdout] 20  | use Bound;
[INFO] [stdout]     |
[INFO] [stdout] 
[INFO] [stdout] 
[INFO] [stdout] error[E0659]: `Bound` is ambiguous (glob import vs glob import in the same module)
[INFO] [stdout]    --> /opt/rustwide/cargo-home/registry/src/github.com-1ecc6299db9ec823/cgmath-0.2.0/src/point.rs:454:30
[INFO] [stdout]     |
[INFO] [stdout] 454 | impl<S: BaseFloat + 'static> Bound<S> for Point3<S> {
[INFO] [stdout]     |                              ^^^^^ ambiguous name
[INFO] [stdout]     |
[INFO] [stdout] note: `Bound` could refer to the enum imported here
[INFO] [stdout]    --> /opt/rustwide/cargo-home/registry/src/github.com-1ecc6299db9ec823/cgmath-0.2.0/src/point.rs:22:5
[INFO] [stdout]     |
[INFO] [stdout] 22  | use std::ops::*;
[INFO] [stdout]     |     ^^^^^^^^^^^
[INFO] [stdout]     = help: consider adding an explicit import of `Bound` to disambiguate
[INFO] [stdout] note: `Bound` could also refer to the trait imported here
[INFO] [stdout]    --> /opt/rustwide/cargo-home/registry/src/github.com-1ecc6299db9ec823/cgmath-0.2.0/src/point.rs:28:5
[INFO] [stdout]     |
[INFO] [stdout] 28  | use bound::*;
[INFO] [stdout]     |     ^^^^^^^^
[INFO] [stdout]     = help: consider adding an explicit import of `Bound` to disambiguate
[INFO] [stdout] 
[INFO] [stdout] 
[INFO] [stdout] error: aborting due to 7 previous errors
[INFO] [stdout] 
[INFO] [stdout] 
[INFO] [stdout] Some errors have detailed explanations: E0404, E0432, E0659.
[INFO] [stdout] 
[INFO] [stdout] For more information about an error, try `rustc --explain E0404`.
[INFO] [stdout] 
[INFO] [stderr] error: could not compile `cgmath`.
[INFO] [stderr] 
[INFO] [stderr] To learn more, run the command again with --verbose.
[INFO] [stderr] warning: build failed, waiting for other jobs to finish...
[INFO] [stdout] error[E0599]: no associated item named `Best` found for struct `Compression` in the current scope
[INFO] [stdout]    --> /opt/rustwide/cargo-home/registry/src/github.com-1ecc6299db9ec823/png-0.3.1/src/encoder.rs:141:34
[INFO] [stdout]     |
[INFO] [stdout] 141 |             flate2::Compression::Best
[INFO] [stdout]     |                                  ^^^^
[INFO] [stdout]     |                                  |
[INFO] [stdout]     |                                  associated item not found in `Compression`
[INFO] [stdout]     |                                  help: there is an associated function with a similar name: `best`
[INFO] [stdout] 
[INFO] [stdout] 
[INFO] [stdout] error: aborting due to 23 previous errors
[INFO] [stdout] 
[INFO] [stdout] 
[INFO] [stdout] Some errors have detailed explanations: E0425, E0432, E0599.
[INFO] [stdout] 
[INFO] [stdout] For more information about an error, try `rustc --explain E0425`.
[INFO] [stdout] 
[INFO] [stderr] error: build failed
[INFO] running `Command { std: "docker" "inspect" "114d158c2deea5d28f5337964192fc75849ddffc2d85ccce51e3638f55a5f237", kill_on_drop: false }`
[INFO] running `Command { std: "docker" "rm" "-f" "114d158c2deea5d28f5337964192fc75849ddffc2d85ccce51e3638f55a5f237", kill_on_drop: false }`
[INFO] [stdout] 114d158c2deea5d28f5337964192fc75849ddffc2d85ccce51e3638f55a5f237
